f k?
6
Suppose 4*p = a + 15, 0 = -17*a + 12*a + 5. Suppose u + 9 = 8, -2*m + 810 = -p*u. What is the units digit of m?
3
Let b(j) = -33*j + 843. What is the tens digit of b(-11)?
0
Let a = -5862 - -17404. What is the hundreds digit of a?
5
Let y be 627 - 55/(-11)*2. Let b be (-38)/(-3) + 14/(-21). Suppose -b*a = a - y. What is the units digit of a?
9
Let f be 13 - (3 + -1 + -1). Let d(s) = 3*s**2 - 3*s + 23. Let b be d(f). Let z = b - 179. What is the units digit of z?
0
Let p(h) be the first derivative of 991*h**3/3 - h**2/2 - 158. What is the units digit of p(1)?
0
Let z(n) = -n**3 - 9*n**2 + 6*n + 13. Suppose 2*k = 7*k - 25. Suppose 0 = -4*m + u - 37, m = 5*m - k*u + 25. What is the units digit of z(m)?
3
Let i = -113 + 375. Suppose 0 = -21*f + 20*f + i. What is the units digit of f?
2
Suppose -36521 + 10856 = -11*g + 121504. What is the hundreds digit of g?
3
Let p(j) be the third derivative of 11*j**5/20 - j**4/12 + 24*j**2 - 4. Let x = 24 - 22. What is the hundreds digit of p(x)?
1
Suppose -5*l + 3*o = -2*o - 55, 12 = -3*o. Suppose -6696 = -l*w - 2*w. What is the units digit of w?
4
Let w(r) = -2*r**3 - 26*r**2 - 3*r + 128. What is the hundreds digit of w(-21)?
2
Let p(g) be the third derivative of g**5/10 - 59*g**4/24 + 23*g**3/6 - 95*g**2. What is the units digit of p(13)?
0
Let v(h) = 1278*h - 19. Let k be v(1). Let c = k - -343. What is the thousands digit of c?
1
Suppose 4*f = 2*f - 3*u + 8110, u + 2 = 0. What is the thousands digit of f?
4
Suppose -37*m = 100*m - 5171065. What is the thousands digit of m?
7
Suppose 50712 = -3431*s + 3443*s. What is the tens digit of s?
2
Let z(i) = 595*i**3 + 5*i**2 + 34*i - 181. What is the units digit of z(4)?
5
What is the units digit of 18571 + 2/(-1*(-2 - (-8 + 7)))?
3
Suppose 110*j - 68821 - 531180 = 2926599. What is the ten thousands digit of j?
3
Suppose -717*v = -726*v + 67671. What is the thousands digit of v?
7
Let y(v) = 12*v**2 + 71*v - 256. What is the tens digit of y(11)?
7
What is the units digit of (-1)/(-12) - 73128480/(-5760)?
6
Let i(g) = -184*g - 2307. What is the thousands digit of i(-53)?
7
Let d = 3 + -20. Let n = d + 2. What is the units digit of 9/n + 1059/15?
0
Let c(f) = f**2 - 9*f + 2. Let g be c(9). Suppose 3 = i - g*i, -z - 3*i = -317. What is the units digit of z?
6
Suppose -55*a = -60*a - 315. Let x = 65 + a. Suppose x*w = 2*d + 236, w = -w - 5*d + 271. What is the units digit of w?
3
Let p = -359 - -354. What is the tens digit of (-7581)/p + 240/300?
1
Let c(v) = -2744*v + 1463. What is the ten thousands digit of c(-7)?
2
Suppose 110*i = -i + 4924182. What is the ten thousands digit of i?
4
What is the thousands digit of (-1599436)/(-535) - 2/(-5)?
2
Let d(m) = -m - 3. Let l = -15 - -10. Let v be d(l). What is the tens digit of 5*30*v/6?
5
Let x = -153 + 158. Suppose -925 = -x*l + 610. What is the hundreds digit of l?
3
Let h(i) = -18*i - 33. Let u be h(-10). Suppose 0 = -4*p - 185 - u. Let z = p - -127. What is the units digit of z?
4
Let v(d) = 89*d**3 - 3*d**2 - 7*d + 10. What is the thousands digit of v(4)?
5
Let j(v) = 1917*v**2 + 443*v + 1761. What is the tens digit of j(-4)?
6
Let k(f) = f**3 + 4*f**2 - 7. Let i be k(-3). Suppose 2*t = -i*t - t. Suppose -198 = -2*r - 2*c, -c = -r - t*r + 109. What is the hundreds digit of r?
1
Suppose -4*n - 35*s + 36*s = -57865, 0 = -2*n + 5*s + 28919. What is the units digit of n?
7
Suppose -1126869 + 78526 = -39*a - 55403. What is the tens digit of a?
6
What is the units digit of 37/(296/54720) + -3?
7
Let i be (10*3/(-12))/(2/(-1624)). Suppose -2*t = -a + 432, -5*a + 4*t = -i - 136. What is the hundreds digit of a?
4
Suppose -3*b = 13*q - 22498, -b - 4*q = b - 14994. What is the thousands digit of b?
7
What is the ten thousands digit of ((-4)/(-10) - (-1195152)/120)*1*4?
3
Let x(w) = -752*w - 348. What is the units digit of x(-19)?
0
Let z(m) = 6*m**2 + 8*m - 4. Let o be z(7). Suppose -4*w + o + 162 = 0. Suppose -5*d + 31 = 6, 2*k = -3*d + w. What is the units digit of k?
6
Let p be (-6)/(0 - 2/(-32)*-3). What is the hundreds digit of (-13)/(156/p)*-282?
7
What is the tens digit of (1578/1315)/(2/23620)?
7
Let q = -19055 - -28641. What is the tens digit of q?
8
Let u = -42433 + 68375. What is the thousands digit of u?
5
Let d be -2 + (-525)/7 - -5. What is the hundreds digit of (d/14)/((-42)/2646)?
3
Let z be (-18)/(-30) - (-2067)/5. Suppose -z - 1734 = -3*n. Suppose -4*i - 4*l + n = -8*l, i = 3*l + 173. What is the units digit of i?
2
Let b(l) = l**3 + 13*l**2 + 3*l + 30. Let g(h) = -h**3 + h - 2. Let n(x) = -b(x) - 2*g(x). What is the hundreds digit of n(14)?
1
Suppose 5*z = -5*y + 30225, -5*z + 23*y + 30239 = 21*y. What is the hundreds digit of z?
0
Suppose 4*g + 4*m - 36 = 0, -4*g + 283*m - 285*m = -24. Suppose 414 = 4*a + 158. Suppose -3*i + 168 = l, 0*l + a = i + g*l. What is the units digit of i?
5
Let x be 14 + -1 + (3 - 2 - -3). Let n(c) = c**2 - 8*c + 31. What is the units digit of n(x)?
4
Let p = -11749 - -15925. What is the tens digit of p?
7
Let d = 35887 + 687. What is the units digit of d?
4
What is the thousands digit of ((-117)/189 + 8/28)*-5523?
1
Suppose -106*o + 40*o + 56*o = -29020. What is the tens digit of o?
0
Let u = 30893 + -3777. What is the ten thousands digit of u?
2
Let s(r) = 131*r**2 + 5*r - 1. Let b(v) = 260*v**2 + 9*v - 2. Let z(a) = 4*b(a) - 7*s(a). What is the units digit of z(-2)?
9
Let f = -250 + 30. Let x = 846 + f. What is the hundreds digit of x?
6
Suppose 28*r - 32*r - 4 = 0. What is the hundreds digit of -1*(-18 + r)*(-708)/(-59)?
2
Let x = 217 - 442. Let m = 52 - x. What is the units digit of m?
7
Suppose x - 7 = -2. Suppose -4*r + 3*r + 610 = 2*y, 4*y + x*r - 1208 = 0. What is the hundreds digit of y?
3
Let o be 145116/126 + 4/14. Let b be ((-1)/2)/(24/o). What is the tens digit of b/(4/(-24)*2)?
7
Suppose 4604 = 2*s + 3*l, 33*s - 29*s + 5*l - 9208 = 0. What is the units digit of s?
2
Let w(k) = -k**3 + 20*k**2 - 35*k - 13. Let u be w(18). Suppose -3*c - 5*o = -466, -o - o - 818 = -u*c. What is the units digit of c?
2
Let x(u) = 121*u - 14. Let o(c) = -2*c**3 + c - 6. Let q be o(-2). What is the tens digit of x(q)?
5
Let g = 181 + -70. Suppose -2*l + g = 5*q, l + 3*q = 56 - 1. What is the units digit of l?
8
Let n(t) = -8*t - 21. Let v be n(0). Let a(y) = -y**2 - 27*y - 8. What is the tens digit of a(v)?
1
What is the thousands digit of (-4236550)/(-600) + (-1 - 26/(-24))?
7
Let p(h) = -3*h**2 + h + 40. Let j be p(0). What is the tens digit of j/30 - (1010/(-3) + -2)?
4
Suppose 48481 = 3*x + 6*c - 12773, 4*x = -4*c + 81672. What is the units digit of x?
8
Let h(v) = -1779*v**3 - 4*v**2 - 9*v - 4. What is the hundreds digit of h(-1)?
7
Let u be (7 - (-112)/(-24))/((-2)/(-6)). Suppose 0 = -u*j - j + 5720. What is the tens digit of j?
1
What is the thousands digit of ((-2)/(-4) - 0)/(41/602782)?
7
Let a(j) = -2*j**3 + 28*j**2 - 42*j + 38. Let k(q) = -q**2 + 33*q + 202. Let n be k(38). What is the hundreds digit of a(n)?
1
Let r = -609 - -1497. Let y = r - 529. What is the tens digit of y?
5
Let o be (-340)/(-6)*30/10. Suppose 5*v - 15 = -0*v. Suppose -5*p = -2*w - 850, -p + 0*p = -v*w - o. What is the units digit of p?
0
Let t = 59712 + -25805. What is the tens digit of t?
0
Let m(r) = 3*r**3 - 31*r**2 + 25*r - 153. Let l be m(10). Let a = -32 + 62. Let o = a + l. What is the tens digit of o?
2
Let n = -85778 + 124598. What is the ten thousands digit of n?
3
Suppose u + 4*k = -878, -u + 4500 = -6*u + 2*k. Let g = u + 1503. What is the units digit of g?
5
Suppose -27*k + 29*k = 5*r - 210286, 3*r + 4*k - 126156 = 0. What is the tens digit of r?
5
Let k(g) = g**3 - 14*g**2 + g - 9. Let a be k(14). Let j(x) = -33 - 2*x - x - 5 - a. What is the units digit of j(-24)?
9
Suppose 6*t - 23*t = 16813. Let j = t - -1869. What is the units digit of j?
0
Suppose 0 = -5*m - q + 63773, 2*m = -64*q + 68*q + 25496. What is the thousands digit of m?
2
Suppose -2*v - 6 + 4 = 0, -5*k + 4*v + 19 = 0. Suppose 6*g + 3*y = 4*g + 752, -5*g + 1901 = -k*y. What is the units digit of g?
9
Let l(h) = -6*h - 1. Let j be l(-1). Suppose u = 4*t - 4*u - 2048, -2008 = -4*t - j*u. What is the units digit of t?
7
Suppose -4*w = 127 - 135, 2*p - w = 57966. What is the tens digit of p?
8
Suppose -3*f + 5*m = -46